7
List the prime factors of 433959.
3, 17, 67, 127
List the prime factors of 189570.
2, 3, 5, 71, 89
List the prime factors of 15078053.
263, 57331
What are the prime factors of 1261879?
269, 4691
List the prime factors of 3498753.
3, 17, 31, 2213
What are the prime factors of 76859?
151, 509
List the prime factors of 862682.
2, 17, 25373
What are the prime factors of 3441440?
2, 5, 137, 157
What are the prime factors of 836626?
2, 7, 8537
What are the prime factors of 2534484?
2, 3, 29, 7283
List the prime factors of 130739.
7, 19, 983
What are the prime factors of 3764094?
2, 3, 627349
List the prime factors of 15867468.
2, 3, 146921
What are the prime factors of 1945021?
13, 17, 677
List the prime factors of 327125.
5, 2617
List the prime factors of 1249976.
2, 7, 13, 17, 101
What are the prime factors of 244634?
2, 13, 97
List the prime factors of 1795227.
3, 7, 85487
List the prime factors of 4530599.
53, 73, 1171
What are the prime factors of 213038?
2, 7, 15217
What are the prime factors of 348126?
2, 3, 17, 3413
List the prime factors of 204595.
5, 17, 29, 83
What are the prime factors of 733996?
2, 183499
What are the prime factors of 279492?
2, 3, 23291
List the prime factors of 1099404.
2, 3, 30539
What are the prime factors of 756437?
11, 68767
List the prime factors of 6252600.
2, 3, 5, 17, 613
What are the prime factors of 142300?
2, 5, 1423
List the prime factors of 15454789.
7, 37, 59671
List the prime factors of 640184.
2, 43, 1861
List the prime factors of 3058153.
7, 53, 8243
What are the prime factors of 568624?
2, 7, 5077
What are the prime factors of 748170?
2, 3, 5, 17, 163
What are the prime factors of 580232?
2, 29, 41, 61
List the prime factors of 487291.
7, 67, 1039
List the prime factors of 50891.
50891
List the prime factors of 1843585.
5, 368717
What are the prime factors of 1556820?
2, 3, 5, 31
List the prime factors of 87763.
13, 43, 157
What are the prime factors of 730385?
5, 146077
List the prime factors of 320217.
3, 106739
List the prime factors of 11119115.
5, 7, 269, 1181
What are the prime factors of 317230?
2, 5, 31723
What are the prime factors of 3835266?
2, 3, 639211
List the prime factors of 2554986.
2, 3, 7, 127, 479
What are the prime factors of 367183?
17, 21599
What are the prime factors of 80788?
2, 19, 1063
What are the prime factors of 3030152?
2, 29, 37, 353
List the prime factors of 170527.
7, 17, 1433
What are the prime factors of 16194014?
2, 8097007
List the prime factors of 1451348.
2, 107, 3391
List the prime factors of 6634769.
6634769
List the prime factors of 6500834.
2, 17, 263, 727
List the prime factors of 27703.
13, 2131
List the prime factors of 15567567.
3, 1223, 4243
List the prime factors of 1163653.
1163653
List the prime factors of 2311250.
2, 5, 43
List the prime factors of 128131.
37, 3463
List the prime factors of 259902.
2, 3, 4813
What are the prime factors of 176282?
2, 19, 4639
What are the prime factors of 912368?
2, 127, 449
What are the prime factors of 499952?
2, 31247
List the prime factors of 2177279.
13, 167483
What are the prime factors of 14428442?
2, 7, 147229
What are the prime factors of 4392424?
2, 619, 887
List the prime factors of 187012.
2, 7, 6679
List the prime factors of 5302322.
2, 37, 79, 907
What are the prime factors of 7808817?
3, 2602939
What are the prime factors of 1835186?
2, 917593
List the prime factors of 212234.
2, 11, 877
What are the prime factors of 81836?
2, 41, 499
What are the prime factors of 57792?
2, 3, 7, 43
What are the prime factors of 245950?
2, 5, 4919
What are the prime factors of 3651152?
2, 228197
What are the prime factors of 10017090?
2, 3, 5, 111301
List the prime factors of 484428.
2, 3, 7, 73, 79
List the prime factors of 31832560.
2, 5, 397907
List the prime factors of 72621.
3, 8069
List the prime factors of 201543.
3, 67181
List the prime factors of 194972.
2, 79, 617
What are the prime factors of 174561?
3, 31, 1877
What are the prime factors of 419880?
2, 3, 5, 3499
What are the prime factors of 3421175?
5, 281, 487
What are the prime factors of 1718424?
2, 3, 29, 823
What are the prime factors of 157162?
2, 179, 439
What are the prime factors of 2146193?
7, 79, 3881
What are the prime factors of 435581?
31, 14051
What are the prime factors of 2165437?
43, 50359
What are the prime factors of 2478445?
5, 37, 13397
List the prime factors of 9982656.
2, 3, 53, 109
List the prime factors of 11048602.
2, 23, 181, 1327
List the prime factors of 29389669.
71, 89, 4651
List the prime factors of 8855463.
3, 19, 43, 3613
List the prime factors of 688870.
2, 5, 7, 13, 757
List the prime factors of 16378633.
17, 31, 31079
What are the prime factors of 2599472?
2, 37, 4391
List the prime factors of 795320.
2, 5, 59, 337
List the prime factors of 1683327.
3, 561109
List the prime factors of 88619.
23, 3853
List the prime factors of 3447222.
2, 3, 227, 2531
What are the prime factors of 786365?
5, 157273
What are the prime factors of 93276?
2, 3, 2591
List the prime factors of 1375739.
1375739
What are the prime factors of 990491?
131, 7561
List the prime factors of 2415775.
5, 71, 1361
What are the prime factors of 195085?
5, 11, 3547
List the prime factors of 8899640.
2, 5, 271, 821
What are the prime factors of 4739169?
3, 1579723
What are the prime factors of 1890290?
2, 5, 421, 449
What are the prime factors of 212749?
41, 5189
List the prime factors of 7113331.
1777, 4003
List the prime factors of 646421.
646421
List the prime factors of 32973376.
2, 443, 1163
What are the prime factors of 21522181?
23, 151, 6197
List the prime factors of 794153.
794153
What are the prime factors of 207443?
207443
List the prime factors of 8411222.
2, 4205611
What are the prime factors of 1021634?
2, 510817
What are the prime factors of 65495?
5, 13099
What are the prime factors of 1498606?
2, 19, 113, 349
List the prime factors of 3735204.
2, 3, 11, 28297
What are the prime factors of 519208?
2, 64901
List the prime factors of 63935.
5, 19, 673
What are the prime factors of 1159258?
2, 579629
What are the prime factors of 6448?
2, 13, 31
List the prime factors of 4364139.
3, 13, 317, 353
List the prime factors of 7858201.
13, 604477
List the prime factors of 472500.
2, 3, 5, 7
List the prime factors of 215825.
5, 89, 97
What are the prime factors of 2406321?
3, 89123
What are the prime factors of 1376900?
2, 5, 7, 281
What are the prime factors of 145897?
145897
List the prime factors of 713485.
5, 142697
List the prime factors of 368220.
2, 3, 5, 17, 19
What are the prime factors of 489439?
489439
What are the prime factors of 4544419?
11, 413129
What are the prime factors of 3661771?
3661771
What are the prime factors of 1961395?
5, 392279
What are the prime factors of 27867820?
2, 5, 761, 1831
What are the prime factors of 5555864?
2, 694483
What are the prime factors of 10275262?
2, 71, 269
List the prime factors of 3287752.
2, 13, 101, 313
What are the prime factors of 1306615?
5, 261323
What are the prime factors of 2784490?
2, 5, 307, 907
What are the prime factors of 1487125?
5, 11897
What are the prime factors of 10740580?
2, 5, 537029
List the prime factors of 65464.
2, 7, 167
List the prime factors of 1783665.
3, 5, 13, 3049
List the prime factors of 1778542.
2, 889271
What are the prime factors of 30525?
3, 5, 11, 37
List the prime factors of 97603.
11, 19, 467
What are the prime factors of 1640421?
3, 113, 1613
What are the prime factors of 20513203?
17, 139, 8681
What are the prime factors of 1575914?
2, 23, 34259
List the prime factors of 30458.
2, 97, 157
What are the prime factors of 36305168?
2, 379, 5987
What are the prime factors of 854432?
2, 26701
List the prime factors of 20806850.
2, 5, 67, 6211
What are the prime factors of 337943?
17, 103, 193
List the prime factors of 1213454.
2, 11, 19, 2903
List the prime factors of 221255.
5, 17, 19, 137
What are the prime factors of 27967003?
59, 474017
What are the prime factors of 9390641?
13, 43, 107, 157
What are the prime factors of 591369?
3, 197123
What are the prime factors of 49354?
2, 24677
What are the prime factors of 264166?
2, 7, 18869
List the prime factors of 1019599.
7, 113, 1289
What are the prime factors of 289378?
2, 41, 3529
List the prime fac